ided by (9/4)/(n/(-4))?
8
Suppose 0 = -2*o + 27 + 13. Let r = o - -18. Suppose 5*v - r = -w, -v = v - 10. Calculate the remainder when w is divided by 5.
3
Let f = 71 - 27. What is the remainder when f is divided by 9?
8
Let p(s) be the third derivative of -s**4/24 - 2*s**3/3 + 3*s**2. Let c be p(-4). Suppose c*l = l - 6. What is the remainder when 10 is divided by l?
4
Let o(h) = 2 - 3 + 5*h**2 - 3 + 3*h + h**3 + 3. Calculate the remainder when 9 is divided by o(-4).
0
Suppose 5*q - 612 = -42. Let n(v) = -v**2 + 16*v - 31. What is the remainder when q is divided by n(10)?
27
Let p be 9*1/(-6)*8. Calculate the remainder when 8 is divided by p/(-14)*(6 + 1).
2
Suppose -z = s, 2*z = -2*z - 16. What is the remainder when s is divided by 3?
1
Suppose -3*z - 90 = -5*m + z, -4*z + 54 = 3*m. Let v = -175 - -118. Let j = -22 - v. Calculate the remainder when j is divided by m.
17
Suppose 3*x - 7*x + 4 = 0, -5*o - 5*x + 830 = 0. Suppose o = 2*n + n. Calculate the remainder when n is divided by 14.
13
Suppose -12*z + 253 = -23. Calculate the remainder when 87 is divided by z.
18
Suppose 5*w - 20 = 0, 3*b = 2*b + w + 7. What is the remainder when b is divided by 1?
0
Suppose 3*f - 13 = -7. Let n be (f - (-21)/(-9))*-12. Suppose h + 36 = n*h. Calculate the remainder when 35 is divided by h.
11
Let i(k) = -3*k - 3. Suppose 0 = -x + 5*m + 10, -4*m = -4*x - 0*m - 8. What is the remainder when 46 is divided by i(x)?
10
Suppose -s + 1 = -3, -7 = -n + 3*s. What is the remainder when 93 is divided by n?
17
Let j(m) = -3*m**2 - 6*m + 1. Let i(b) = -b**2 - b + 1. Let y(n) = -4*i(n) + j(n). Calculate the remainder when y(-6) is divided by 24.
21
Suppose 0 = -2*r - 5*j - 12, 4*j + 2 - 6 = -5*r. Let d(m) = -r*m - 9*m + 7 - 4. Calculate the remainder when d(-4) is divided by 14.
13
Suppose 4*c - 2*c - 150 = 0. Calculate the remainder when c is divided by 19.
18
Let g(c) be the first derivative of c**4/8 - c**3/2 + c**2 - 2. Let a(i) be the second derivative of g(i). What is the remainder when 46 is divided by a(5)?
10
Suppose 2*k = 4, -3*k + 17 = r + 4. What is the remainder when r is divided by 0/1 + (-15)/(-3)?
2
Let q = 4 + 7. Suppose 4*b - 45 = q. What is the remainder when b is divided by 3?
2
Suppose 2*j + 0*j + 14 = 4*c, -c = -4*j + 7. Suppose 3 = t - j. What is the remainder when t is divided by 3?
0
Suppose m = 2 + 70. What is the remainder when m is divided by 37?
35
Suppose 7 = f - 5. What is the remainder when 21 is divided by f?
9
Suppose 6 + 4 = 5*j. Let i = 18 - j. What is the remainder when 31 is divided by i?
15
Suppose 12 = -3*q - 6. Let u = 9 + q. Calculate the remainder when 4/14 + (-47)/(-7) is divided by u.
1
Suppose -11*s = -7*s - 104. What is the remainder when 51 is divided by s?
25
Let g(w) = w**3 - 2*w**2 + w. Let r be g(6). Suppose r = 2*n + n. What is the remainder when n is divided by 13?
11
Suppose 0*b - 4*b = -88. Calculate the remainder when 42 is divided by b.
20
Suppose -2*b = 4*t - 32, -b = -0*b - 5*t - 9. Calculate the remainder when 69 is divided by b.
13
Suppose -v = -2*h + v - 18, -4*h = 4*v + 4. Let u = h - -10. Calculate the remainder when u is divided by 3.
2
Let s = -4 - -15. Suppose -12 + 0 = -3*y. Let x = y + s. What is the remainder when 28 is divided by x?
13
Let k be (2 - 3) + -50 - 2. Let w = k - -79. Suppose 2*c - 4*p - 28 = 0, -2*c = -2*p - p - w. What is the remainder when 19 is divided by c?
9
Let r = -13 + 16. Let f(a) = -a - 4. Let g be f(-6). Suppose 0 = -g*s - 1 + 9. What is the remainder when s is divided by r?
1
What is the remainder when 4/6 - 116/(-6) is divided by 8?
4
Let d(z) = 7*z + 6. Let l(g) = -7*g - 6. Let h(v) = 4*d(v) + 3*l(v). Calculate the remainder when h(7) is divided by 19.
17
Let u(g) be the second derivative of 11*g**3/6 - 3*g**2/2 - 9*g. What is the remainder when 58 is divided by u(3)?
28
Suppose 48 + 864 = 4*t. Calculate the remainder when t is divided by 58.
54
Suppose x + 9 = 4*x. Let k = x - 0. Calculate the remainder when 10 is divided by k.
1
Let s(y) = y**2 - 5*y - 3. Let a be s(5). Let x = 8 - 3. What is the remainder when x is divided by 1/(-1*1/a)?
2
Let y be -2 + 4/((-8)/(-42)). Let x(o) = o**3 - 6*o**2 - o - 10. Let m be x(7). Let f = m - y. Calculate the remainder when 37 is divided by f.
11
Calculate the remainder when 91 is divided by (69/2)/(6/4).
22
Suppose -280 = -6*y - 8*y. Calculate the remainder when y is divided by 11.
9
Let s be (-7)/14 + 35/(-2). Let j = 22 + s. Calculate the remainder when 15 is divided by j.
3
Let r(i) = -i**2 - 6*i. Let w be r(-5). Suppose -3*t - 2*t + w = 0, -81 = -g - 5*t. Let a = g + -47. What is the remainder when a is divided by 15?
14
Let w(a) = 20*a**2 - a - 1. Let z be w(-1). Calculate the remainder when 15 is divided by ((-24)/z)/((-3)/20).
7
Suppose -a + 8 + 116 = 5*h, -5*a = 5*h - 140. What is the remainder when 47 is divided by h?
23
Let r(z) = -4*z + 1. What is the remainder when 73 is divided by r(-6)?
23
Suppose -u = 3*u - 248. Let g = u - 34. Calculate the remainder when g is divided by 10.
8
Let m be 0/((1 - 3) + 0). Suppose 20 = 5*t - 25. What is the remainder when t is divided by 2/(-6)*(m - 15)?
4
Let v = -21 + 52. Let j(x) = x**3 + 9*x**2 + 7*x - 1. Let s be j(-8). Suppose v = 3*r + s. Calculate the remainder when 23 is divided by r.
7
Let j be (-3)/12 - (-623)/(-4). Suppose -5*x + l + 122 = 0, 0*l - 5*l = -x + 10. Calculate the remainder when x is divided by (j/(-18))/(4/6).
12
Let g be -2 - 26/(1 - 3). Suppose 65 = g*i - 6*i. Calculate the remainder when 25 is divided by i.
12
Let h = 89 + -127. Let m = -24 - h. What is the remainder when m is divided by (-5)/((-1 - 0)/1)?
4
Suppose -3*k + 19 + 8 = 0. Calculate the remainder when 26 is divided by k.
8
Let y(d) = -63*d + 3. Calculate the remainder when y(-1) is divided by 17.
15
Suppose 0 = -15*g + 19*g - 172. Suppose 6*z + 36 = 3*a + z, -2*a = 3*z - g. What is the remainder when a is divided by 5?
2
Let n = 1 + 1. Suppose -5*s = -n*u - 666, -s + 4*s - 381 = -5*u. Let b = -79 + s. Calculate the remainder when b is divided by 18.
17
Let d(p) = -p**2 + 2*p - 3. Let x be d(2). Let f = 3 + x. Calculate the remainder when 2 is divided by -2 + f/2 - -4.
0
Suppose -5*u - t = -0*t - 160, -5*t - 25 = 0. What is the remainder when u is divided by 17?
16
Calculate the remainder when ((-63)/14)/((-6)/64) is divided by 10.
8
Let z be (0 - -2 - 0) + 3. Let r be 138/z + 4/10. Suppose r - 88 = -3*d. What is the remainder when d is divided by 7?
6
Let o = -2 - -5. Suppose o*l - 2*l = 3. What is the remainder when -1*(1 - 51/l) is divided by 6?
4
Let d be (-3)/(-1 + 2/4). Suppose -q + 21 = d. Calculate the remainder when 29 is divided by q.
14
Let t be 4070/(-5) - (2 - 1). Let u(r) = r**2 - 8*r - 2. Let p be u(6). Calculate the remainder when 4/p - t/35 is divided by 12.
11
Suppose 18 = 2*m - 6. Calculate the remainder when 32 is divided by m.
8
Let g be ((-51)/(-3) - 2) + -3. What is the remainder when (1 - 0)*g*2 is divided by 13?
11
Let v be 432/(-5) - (-4)/10. Let u = v - -191. Suppose -4*b - u = -5*w, 44 = 3*w - 3*b - 22. Calculate the remainder when w is divided by 5.
2
Let z(p) = 3. Let g(n) = n + 16. Let m(f) = -3*g(f) + 12*z(f). Calculate the remainder when 29 is divided by m(-9).
14
Calculate the remainder when 14 is divided by ((-8)/(-5))/((-4)/(-10)).
2
Let i = 8 - 6. What is the remainder when 1/i*-1*-16 is divided by 3?
2
Suppose 0 = -z - z - 3*g + 57, 2*z - 50 = 4*g. Suppose -4*r = -r - z. What is the remainder when 16 is divided by r?
7
Suppose 2*w - 7*w = -70. Calculate the remainder when 26 is divided by w.
12
Let a(m) = 8*m + 6. What is the remainder when 87 is divided by a(3)?
27
Let d(p) = p - 6. Calculate the remainder when d(8) is divided by 2.
0
What is the remainder when 63 is divided by (2 - 4)*-2*4?
15
Let q = -4 - -6. Suppose q*z = -0*z + 56. Let r = 14 - 4. What is the remainder when z is divided by r?
8
Let w = 155 - 103. Suppose -6*v - w = -2*v. What is the remainder when (-2)/((-11)/v - 1) is divided by 7?
6
Suppose 61 = 2*q + 3*l, -3*q + 4*l + 124 = 2*l. Calculate the remainder when q is divided by 14.
10
Let a = -52 - -59. Let g = -6 - -117. What is the remainder when g/9 + 1/(-3) is divided by a?
5
Let i(l) = -6*l. Let t be i(-6). Suppose 4*f - 7*f = -